*w**2 + 5*w. Calculate d(u).
-6
Let g(r) = r + 2. Let b(q) = -18*q - 18. Let v(s) = -b(s) - 8*g(s). Let i(j) = j**2 - 31*j - 101. Let n be i(34). Give v(n).
12
Let s(u) be the first derivative of -u**3/3 - 10*u**2 - 82*u + 721. Determine s(-15).
-7
Let r(h) = -1. Suppose -4*j = 2*q, -1 + 11 = 4*q - 2*j. Let w(f) = 0*f + 5 + 2*f + 1 - q. Let u(c) = -6*r(c) - w(c). Determine u(2).
-2
Suppose 5*w = v + 17, -26*v - 1 = -3*w - 30*v. Let j(n) = -2*n - 1. Let m(s) = -3*s - 1. Let h be 2 + -1 + -5 - 1. Let z(y) = h*m(y) + 7*j(y). Determine z(w).
1
Let b be 5/(-2)*-8*(-6)/40. Let p(x) = 2*x - 18. Give p(b).
-24
Let b(m) = -m**3 + 9*m**2 - 7*m - 9. Suppose 19*u + 66 + 580 = 0. Let l = -93 - u. Let y = 67 + l. Give b(y).
-1
Let l(z) be the third derivative of -z**7/2520 + z**6/80 + z**5/15 + 13*z**4/4 + 2*z**2 - 5*z. Let r(p) be the second derivative of l(p). Give r(11).
-14
Let g(k) = 292*k + 2312. Let b be g(-8). Let y(h) = -h**2 - 24*h + 23. Give y(b).
23
Let a be (63 + 9/3)*2/4. Suppose a*l - 38*l = -15. Let m(k) = 3 - 4 - l*k + 5. Determine m(6).
-14
Suppose -4*x + 5*i + 507 = 0, -76 = -x + 5*i + 62. Suppose 126*w = x*w - 36. Let m(k) = -k - 9. What is m(w)?
3
Let y(m) = 6*m**2 - 15*m**2 + 0 + 27*m**2 - 2*m - 1 + 21*m**2. Give y(-1).
40
Let z(m) = m**3 + 2*m**2 + 5*m + 6. Suppose -2*f + 2 = 5*q + 20, -2*q = -f + 9. Calculate z(q).
-46
Let j(x) = 6*x**2 + x + 4. Let f(w) = w**2 + 1. Let c(b) = -5*f(b) + j(b). Let u(r) = -9*r + 42. Let k be 2 + (-2)/5*15/(-2). Let i be u(k). Calculate c(i).
5
Suppose 968*g - 964*g - 1140 = 0. Let p(m) = -290 + 0*m + 4*m - 7*m + g. What is p(5)?
-20
Let n(d) = 209 - 7*d - 41 - 76 + 26 + 5. Determine n(13).
32
Let x(w) be the third derivative of w**5/120 + w**4/12 - 43*w**3/6 + 5*w**2. Let n(g) be the first derivative of x(g). What is n(-2)?
0
Suppose 0*w - w = 0, -9 = 3*d - 2*w - 3. Let m(n) = 3*n**2 - 11*n - 22. Determine m(d).
12
Let b(q) = 8*q - 39. Suppose -15*p - 40 + 47 = -68. Determine b(p).
1
Let d(v) be the first derivative of 4 + 2*v + 1/3*v**3 + 5/2*v**2. Determine d(-5).
2
Let k(b) = -130*b - 573. Let t(f) = -86*f - 378. Let d(s) = 5*k(s) - 8*t(s). Give d(-4).
7
Suppose 0 = -2*u + 15 - 17. Let f be u/(4/(-10))*(-92)/115. Let o(m) = m**3 + m**2 + 2*m. What is o(f)?
-8
Let d(f) = 138*f**2 + 39*f + 18. Let u(p) = 59*p**2 + 19*p + 9. Let w(t) = -3*d(t) + 7*u(t). What is w(16)?
9
Let b(c) = -6*c - 12. Let t(i) = -22*i + 77. Let l(g) = -6*b(g) + t(g). What is l(-10)?
9
Let a(q) = 177*q + 2354. Let d(n) = 44*n + 586. Let g(u) = 3*a(u) - 11*d(u). Calculate g(-13).
5
Let w(l) be the third derivative of -l**4/6 - 131*l**3/6 + 4156*l**2. What is w(-34)?
5
Let l(g) = g + 21. Let t(z) = -88*z + 322. Let w be t(4). Calculate l(w).
-9
Let g(m) = m**2 - 12*m + 93. Let q(w) = -w**2 - 53. Let z(n) = g(n) + 2*q(n). What is z(-12)?
-13
Let f(i) be the third derivative of -91*i**2 + 5/24*i**4 + 0 + 0*i - 2*i**3. Determine f(9).
33
Let c(x) = -4 - 3*x**2 - 7 + 21 - 6 + 2*x. Let d be 76/38*3/2. Give c(d).
-17
Let f(t) = -t**2 - 8*t + 2. Let i = 2024 - 2030. Determine f(i).
14
Let g(a) = a + 1. Suppose 0 = 3*b - 2*h - 29, -4*h - 12 = -h. Suppose -2*i + b = -3*m - 2, 28 = -i - 5*m. Give g(i).
-2
Let k(y) = 4*y**3 - 5*y**2 - y + 1. Let z(l) = 7*l**3 - 9*l**2 - 2*l + 1. Let m = -64 + 61. Let h(n) = m*z(n) + 5*k(n). Give h(2).
4
Let i = -1894 - -1917. Let z(a) = -a**2 + 26*a - 59. What is z(i)?
10
Let z = 190213 - 190220. Let b(m) = 2 + m**3 - 3 - 2*m + 0*m**2 + 6*m**2. Determine b(z).
-36
Let j(k) = 14*k**3 + k**2 + k - 1. Suppose -158*y - 105 = -155*y. Let h be (-45)/y - (-12)/(-42). What is j(h)?
15
Let f(d) = 5*d**2 - 23*d + 6. Let u(n) = -11*n**2 + 51*n - 12. Let x(j) = -13*f(j) - 6*u(j). Give x(6).
-12
Let w(v) = v**2 + 2*v + 6 + 2*v + 3*v. Let n be 36/8 - 6/4. Suppose -84*p + 79*p - 34 = -3*s, 21 = -n*p + 2*s. What is w(p)?
-4
Suppose 5*r = -4*w - 31, 59*w - 18 = 62*w + 2*r. Let o(t) = -t**3 - 4*t**2 - 2*t + 10. Determine o(w).
18
Suppose -9 = -m - 6*i + 3*i, i - 2 = 0. Let u be 2/5 + 73/5. Let v(z) = -8 - u*z - 6*z + 25*z + m. Give v(4).
11
Let a(j) = j**2 - j - 1. Let s(d) = 5*d**2 + d**2 + 2*d**2 - d**2 - 5*d - 10. Let h(p) = -6*a(p) + s(p). Suppose -3*w - 10 + 2 = 1. Give h(w).
2
Let y(l) = -6*l - 13. Let d be (-1000)/225 + 4/9. Determine y(d).
11
Let g(s) = -14*s - 1. Suppose -4*n - v = -0 - 17, v - 14 = -3*n. Suppose -4*j = 2*c + 6, 4*c = n*j + 5 + 5. Calculate g(c).
-15
Let b(c) be the first derivative of -2*c**3/3 + 6*c**2 - c + 3. Let q be 5 + ((-91)/(-21) + -4)*0. Determine b(q).
9
Suppose -6*d + 72 = 12*d + 6*d. Let l(t) = t**2 - 7*t + 12. What is l(d)?
0
Let c(p) = -p**2 + 2*p + 1. Suppose -2*b - l + 5 = 0, -19*b + 16*b = 4*l. Suppose -b*x + 9*x + 4*n = -17, 5*n = -5*x - 20. Give c(x).
-2
Let x = -4708 - -4708. Let g(b) = b**3 + 19. Calculate g(x).
19
Let c(x) = -2*x**3 - 36*x**2 + 47*x + 191. Let s be c(-19). Let j(k) be the second derivative of s*k + 2/3*k**3 + 0 - 3/2*k**2. Calculate j(2).
5
Suppose -6*f + 5*f + 16 = -5*d, 3*f = -d - 16. Let z(x) = -x**3 - 4*x**2 - 3*x - 16. Calculate z(d).
-4
Let y = -79 + 75. Let x(w) = -2*w**2 + 12*w - 6. Let z(j) = j**2 - 11*j + 4. Let p(a) = y*x(a) - 5*z(a). Determine p(-4).
24
Let z(u) = u - 4. Suppose 5*r + 27 - 82 = -2*v, 2*r - 22 = 3*v. Let j(c) = c**2 - 10*c - 9. Let d be j(r). Let a be ((-16)/(-4))/d - 6. Give z(a).
-8
Let l = 8315 - 8305. Let p(w) = 2*w**3 - 20*w**2 + w + 10. Calculate p(l).
20
Let v(n) = 2*n**2 + 9*n + 16. Let h(x) = -x**3 - 4*x**2 - 248*x - 493. Let a be h(-2). What is v(a)?
21
Let u(m) = 95*m**2 - 26*m**2 + 21*m + 30 - 29*m**2 - 38*m**2. Calculate u(-8).
-10
Let r(g) = 3*g + 21*g**2 - g**3 - 41 + 10 - g. Let m be r(21). Let z = 16 - m. Let a(p) = -p**3 + 4*p**2 + 3*p - 4. Determine a(z).
-14
Let g(y) = -65*y**3 - 10*y**2 + 3*y. Let x(f) = 574*f**3 + 87*f**2 - 28*f - 1. Let q(w) = 53*g(w) + 6*x(w). Suppose 3*z = -z - 24. Determine q(z).
-24
Let h(n) be the third derivative of n**6/120 + n**5/15 - n**4/6 + 4*n**3/3 + 788*n**2. Give h(-5).
3
Let s(d) = -2*d**2 - 37*d + 22. Let a(v) = -v**2 + v + 163. Let f be a(-13). What is s(f)?
3
Let n be 0*(-3)/(-12) + -2. Let c(q) = 6*q**2 + 1 + 2*q + q - 4*q + 7*q - 5*q. Calculate c(n).
23
Let z(a) be the third derivative of a**7/2520 + a**6/240 + a**5/60 - 17*a**4/24 + 2*a**2 + 46. Let l(c) be the third derivative of z(c). Determine l(-3).
-3
Let u(l) = 5 + l + 1 + 0 - 5. Suppose j = -5*o - 52, -3*j + o - 152 = -28. Let v = j - -35. Determine u(v).
-6
Let h(x) be the second derivative of -31*x**3/6 + 3*x**2/2 + 423*x. What is h(-1)?
34
Let r(j) = -249*j - 4735. Let z be r(-19). Let m(a) = -1 + 1 + 2*a. Give m(z).
-8
Let h(d) = 10*d + 75. Let m(a) = 5*a + 36. Let q(i) = 4*h(i) - 9*m(i). Give q(-7).
11
Let k(y) be the first derivative of y**2/2 - y - 157. Let c be -2*(-3 + 27/6). What is k(c)?
-4
Suppose -4*w + 95 = -5*f, -83 = -4*w + 7*f - 6*f. Let b(t) = w*t + 11*t - 33*t + 2. Suppose -3*j + 16 = -2*v + 2*j, 3*v - 2 = j. Give b(v).
-2
Let p(v) be the second derivative of v**4/12 - 13*v**3/6 + 7*v**2/2 - v - 126. Let r = 6 + -13. Let q(x) = -x**2 - 10*x - 9. Let h be q(r). Determine p(h).
-5
Let t(q) = -129*q**2 - 46*q + 34. Let l(g) = -19*g**2 - 2*g. Let i(p) = -7*l(p) + t(p). Determine i(7).
6
Suppose 39 = -23*w - 30. Let j be (-8)/w*(3 + (-27)/36). Let y(r) = -r**3 + 7*r**2 - 5*r - 6. What is y(j)?
0
Let s(i) = -i**2 + 8*i - 9. Let z(f) = -f**3 - 3*f**2 + 9*f + 1. Let t(q) = 23*q - 143. Let w be t(6). Let n be z(w). Calculate s(n).
3
Let s(k) = -19*k + 6*k + 29*k + 31 - 17*k. Give s(20).
11
Let x(i) = 1575*i + 7 + 1611*i - 3201*i. Calculate x(-1).
22
Let a(q) = -6*q + 132. Let v be (-1)/((-10)/(-46))*(47 - 53 - -1). Determine a(v).
-6
Let f(c) be the third derivative of -c**7/840 - c**6/72 + c**5/24 + 41*c**3/2 - c**2 + 45*c. Let m(k) be the first derivative of f(k). Calculate m(-6).
6
Let t = -38609 - -38604. Let a(j) = -j**2 - 29*j - 112. Give a(t).
8
Let w(m) = 14*m**3 + 535*m + 4 - 537*m + 1 - 2. What is w(1)?
15
Let i = -78 + 353. Let o = -276 + i. Let v(z) = -36*z**2 - 2*z - 1. Determine v(o).
-35
Let i(c) = c + 1. Let h(v) = v**2 - 8*v + 13. Suppose -5 = -135*w + 134*w. Let s be h(w). Determine i(s).
-1
Let b(y) = 34*y - 75 - 7528*y**2 - 8*y + 7527*y**2. Give b(3).
-6
Let h(t) = -t**3 + 789*t + 28